 = -45 - -57. Let r(g) = 2*g + d*g + 0*g**2 - 4*g + g**2 - 3. Let h(p) = -7*p + 4. Let i be h(2). What is r(i)?
-3
Suppose 2*h + 7 = z, 2*z + 0*z - 12 = 2*h. Let k(u) be the first derivative of -8 + u + 0*u**2 - 4/3*u**3. What is k(h)?
-3
Let o(n) be the second derivative of 2*n**3/3 + 33*n**2 + 8*n + 20. Give o(-16).
2
Let n(q) be the second derivative of 3/2*q**2 + 15*q + 0 - 1/12*q**4 - 1/3*q**3. Suppose 14*z - 26 = z. What is n(z)?
-5
Suppose 4*p + 2*j - 140 = 0, -9*p - 3*j = -4*p - 173. Let s(a) = -a**2 - p*a + 6 - 36*a + 71*a. Give s(-6).
-18
Let w be 4 - -4*6/(-12). Suppose o + 3*f - w*f = 8, o + 2*f - 9 = 0. Let q(m) = m**3 - 7*m**2 + m - 10. What is q(o)?
-3
Let p(c) be the third derivative of c**4/24 + 5*c**3/6 + 62*c**2 - 10*c. Determine p(0).
5
Let p(g) be the second derivative of g**3/6 - 23*g**2/2 - 246*g - 3. Suppose h = -2*b + 8, b = -2*h + 22 - 3. Determine p(h).
-13
Let t(p) = -p**3 - 3*p**2 - 2*p - 4. Let m(r) = 21*r - 108. Suppose 3*k = 3*u + 21, 5*k + 4*u - 13 - 4 = 0. Let f be m(k). Give t(f).
2
Let x(i) = 7 + 19*i + 11 + 5*i**2 - 2*i**2 - 4*i**2. Let z(t) = -6*t**2 + 96*t + 90. Let l(c) = 11*x(c) - 2*z(c). Calculate l(-16).
2
Let m(z) = -728*z + 7267. Let d be m(10). Let a(o) = o**2 + 8*o - 22. What is a(d)?
43
Let y = 42 + 34. Let x(r) = 2*r + 89 - 3*r - y. Calculate x(0).
13
Let w be ((-165)/22)/((-3)/24). Suppose 38*a + w = 23*a. Let g(v) = v**3 + 5*v**2 + 8*v + 12. Give g(a).
-4
Let w(u) be the third derivative of u**6/120 + u**5/15 - u**4/6 - 7*u**3/6 + 747*u**2. Let o(v) = -v + 10. Let h be o(15). Determine w(h).
-12
Let z(k) = k**2 + 7*k - 8. Let r(g) = 7*g - 25. Let q be r(4). Let j(d) = -3*d**2 + 6*d + 1. Let n be j(q). Calculate z(n).
0
Let i be (-88)/(-42) + 1*(-4)/42. Suppose -i*z + 38 - 56 = 0. Let p(v) = v**2 + 11*v + 17. What is p(z)?
-1
Let f(v) be the second derivative of -1/4*v**4 + 5*v**2 + 0 - 1/60*v**5 - 10*v - 7/6*v**3. Let i(o) be the first derivative of f(o). Determine i(-6).
-7
Suppose -5*c - 350 = 14*c - 5*c. Let g(o) = -3*o**2 - 73*o + 60. Give g(c).
10
Let q(h) = h**2 + 3*h - 66. Let r be q(-10). Let c(f) = -f**2 + 441*f - r + 5*f**2 - 5*f**2 - 440*f. What is c(0)?
-4
Let k(g) = -2*g**3 - g. Let n = 115 + -74. Suppose n = 4*m + 45. Determine k(m).
3
Let q(d) be the second derivative of d**3 + 25*d**2/2 - 120*d + 9. Calculate q(-3).
7
Let t(i) = i**3 + 7*i**2 + 5*i + 1. Let h be 2/(-3) + 100/(-3). Let p(n) = -31*n**2 + 27*n + 18. Let y be p(-1). Let q = y - h. Give t(q).
7
Let x(g) = -35*g + 10. Let j(u) = 56*u - 20. Let h(m) = 3*j(m) + 5*x(m). Determine h(7).
-59
Let f(h) = -16*h - 447*h**2 + 446*h**2 + 28*h - 5 - 8. Give f(9).
14
Let a(t) be the first derivative of t**2/2 + 9*t - 5. Suppose 3*i + 32 = y, -4*i + 2*i + 7 = 5*y. Calculate a(i).
0
Let q(h) = 68 + 89*h - 2*h**2 + 498 - 112*h. Determine q(12).
2
Suppose -4*r + 2*r = -16. Suppose 0 = 3*t - 12 + 3. Let d(s) = 640*s**2 + s**t - 328*s**2 - 3 - 319*s**2 - 8*s + 6. What is d(r)?
3
Let y(d) = 23*d - 21. Let a be y(1). Let t(s) = -2 - s**a - 8*s - 8*s + 0*s**2. Give t(-16).
-2
Let m(o) = -1 - 9*o - 5*o - 4*o. Let n(j) = 3*j**3 - 5*j - 4. Let s be n(-1). What is m(s)?
35
Let p(v) = -13*v - 155. Let k(d) = -2*d**2 + 56*d - 12. Let b be k(28). Give p(b).
1
Suppose -154 + 144 = -5*h. Let f(z) = 2*z - 7*z**h - 6*z**2 + 6*z**2 + 11 + 6*z**2. Calculate f(5).
-4
Let c(p) = 1 + 2*p**2 + 2 - 3*p - 3*p**2 + 0. Suppose 3*w + 3*a - a + 9 = 0, 5*a = 2*w + 6. Let z = -1 + w. Give c(z).
-1
Let d(q) = 2*q**2 + 6*q - 21. Let r = -33707 + 33699. Determine d(r).
59
Suppose 4*z - 12 - 4 = 0. Suppose 5*m - 20 = l + 5, -5 = -m - 5*l. Let p(h) = -5 - m + 6 + 4*h - h**2. Give p(z).
-4
Let s(g) = g - 10. Let f be (-5)/(25/180)*1/2. Let m = f - -20. Suppose -o + 0*o = -m*o. Determine s(o).
-10
Let y(k) = 25*k + 76. Suppose 182*j + 14 = 179*j + 5. Determine y(j).
1
Let w(n) be the second derivative of -n**4/12 - 7*n**3/6 + n**2 - 6*n. Let b be w(-8). Let v(h) = -h**3 - 6*h**2 - 2*h + 3. Determine v(b).
15
Let r(o) = o**2 + 14*o - 7. Suppose 2*s = 4*c + 36, -3*c = 332*s - 329*s + 54. What is r(c)?
-31
Suppose 0 = -5*v + 3*l + 11, -4*l = 5*v - 0*l - 32. Suppose v*r = -z + 17, 2*z = 4*z - 10. Let j(d) = -6 - 16*d + r + 2 + 15*d - 2*d**2. What is j(-2)?
-7
Let z(c) = -c**2 - 9*c - 11. Let u(d) = -d**2 - 9*d - 11. Let i = 1710 + -1706. Let n be 0 + -3 + 0/(-1). Let x(a) = i*u(a) + n*z(a). Determine x(-8).
-3
Suppose 9*m - 20*m + 11 = 0. Let z(r) = -9*r + 2 + m + 5*r - 1. Determine z(-6).
26
Let v(o) be the first derivative of -o**2/2 - 3*o - 2. Suppose 21*j = -439 + 222 + 217. Determine v(j).
-3
Let b(l) be the third derivative of 0*l + 3/8*l**4 - 9 - 1/2*l**3 + 4*l**2. What is b(1)?
6
Let m(x) = -16*x - 4. Suppose 172*z + h + 5 = 167*z, -3*z + 15 = -3*h. Calculate m(z).
-4
Let d(o) = -o**2 + 12*o - 19. Let i(j) = 1. Let m(c) = c**2 - 15*c + 37. Let r be m(12). Let p(l) = r*d(l) + 6*i(l). Determine p(10).
7
Let g(y) = -9*y + 4. Let v be ((-3)/(-2))/((-3)/(-4)). Let p be -13 + 1 - (1 - 4/v). Let j(a) = -28*a + 11. Let m(k) = p*g(k) + 4*j(k). Determine m(-1).
13
Let n(m) = -m**3 - 47*m**2 + 99*m + 43. Let r(v) = -6*v**3 - 24*v**2 + 50*v - 5. Let t be r(2). What is n(t)?
-6
Let v(p) = p**3 - 12*p**2 + 4*p + 4. Suppose -112*k = -118*k + 8 + 16. Calculate v(k).
-108
Let m = -13 + 13. Let g be (2/(-7) - m)/(28/(-196)). Suppose 0 = -3*f - 9, f + 1 = -2*y + g. Let w(v) = -4*v + 3. What is w(y)?
-5
Let r(q) be the first derivative of -2*q**3/3 + 3*q**2/2 + 3*q - 1. Let x(p) = 15*p + 89. Let a be x(-5). Let k be (1 + 0)*56/a + -1. Determine r(k).
-6
Let v(i) = 2*i + 16. Suppose 30*o - 7*o = -11*o - 238. Give v(o).
2
Let d(v) = v**2 + v - 5. Let p be (-5)/(-1) - (-2 + (-4 - -6)). Suppose 0 = -5*c - 25 + p. Determine d(c).
7
Let v(q) = -2*q - 2. Let a = 18 - 33. Let c be v(a). Let n = c + -32. Let b(k) = k**2 + 5*k + 6. Give b(n).
2
Let r(i) = -2*i**2 + 7*i - 16. Let o be r(7). Let b = o - -67. Let h(u) = 63*u**2 + 11 - u**3 + 14*u - 49*u**b + 2*u**3. What is h(-13)?
-2
Let c be (-4)/6 - (-250)/(-30). Let s(t) be the third derivative of t**6/120 + 3*t**5/20 - t**4/12 - 7*t**3/6 - 146*t**2. Give s(c).
11
Let z = -8 + 9. Let q(n) = -2*n**3 + 2*n**2 - n + 2. Let b(p) = -5*p**3 + 11*p**2 - 5*p + 12. Let k(s) = b(s) - 6*q(s). Give k(z).
7
Let c(h) = -8*h - 42. Let t(b) = 5*b + 29. Let z be t(-5). Suppose -3*o - z*o - 35 = 0. Let a be c(o). Let p(n) = -4*n**2 + n. Determine p(a).
-18
Let r(l) be the second derivative of -l**4/12 - l**3 - 5*l**2/2 + 5985*l. Suppose -4*a = -5*n + 41, 5*a + 45 = 5*n - 0*n. What is r(a)?
3
Suppose -21*z = -127*z - 106. Let c(x) = -2*x**3 - x + 1. Let j(d) = -5*d**3 + d**2 - 5*d + 7. Let i(y) = -6*c(y) + j(y). Calculate i(z).
-6
Let g = -11913 - -11914. Let c(x) = -x**3 - x**2 + 9*x - 9. Give c(g).
-2
Suppose 2*u + 90 = -8*u. Let h = u - -15. Suppose h*c = -0*c. Let j(v) = -v**3 + 1. What is j(c)?
1
Let z(h) = -4*h - 2. Let u(n) = 219*n + 864. Let i be u(-4). Determine z(i).
46
Let u(p) be the second derivative of -1/20*p**5 + 0 - 5/12*p**4 - 108*p - 1/2*p**3 + 4*p**2. What is u(-4)?
4
Let d = -51087 + 51090. Let r(f) be the second derivative of f**6/720 - f**5/120 + f**4/6 + f. Let b(j) be the third derivative of r(j). What is b(d)?
2
Let p be 6 - 5/(-3 - (5 + 105/(-10))). Let n(c) = 18*c - 71. Give n(p).
1
Let m(u) = 4*u + 4. Let h be 10/((60/(-198))/(-5)). Let g be (-6)/21 + h/(-35). Give m(g).
-16
Let o(a) = 181*a - 375. Let v(c) = 32*c - 75. Let x(q) = 2*o(q) - 11*v(q). Calculate x(-8).
-5
Let l(v) = v**3 - 4 + 0*v**2 - 2*v**2 - v - 3*v**2. Suppose z - 56*z + 800 = 105*z. What is l(z)?
-9
Let p = 62 + -60. Let c(x) be the second derivative of 1/20*x**5 - 1/3*x**3 + 2*x + 2*x**p - 1/3*x**4 + 0. Give c(3).
-11
Let b(r) = r - 30. Suppose -20*u - 1584 = -1784. What is b(u)?
-20
Let r(t) = t**2 - 3*t - 1. Suppose -d = p - 0*d - 224, -5*d - 476 = -2*p. Let s = p + -225. Give r(s).
-1
Let b(m) = -2*m + 16. Let a be b(7). Suppose 3 = -3*u, 2*j - a*u = -2*j - 2. Let o(y) be the third derivative of -y**4/8 + 3*y**2. Calculate o(j).
3
Let y(l) be the third derivative of l**4/6 - 17*l**3/2 - l**2 - 45*l. Give y(12).
-3
Let w be (-12 - -16 - 12) + 6/2. Let j(t) be the second derivative of -t**5/20 - 5*t**4/12 - t**3/6 + t**2 + t. What is j(w)?
7
Let j(x) be the fi